 14) in base 10?
-5
What is -22 (base 4) in base 3?
-101
Convert -26 (base 13) to base 9.
-35
Convert 10110 (base 2) to base 4.
112
Convert -100 (base 15) to base 11.
-195
Convert -1330 (base 5) to base 11.
-186
What is -1010 (base 2) in base 8?
-12
What is 46 (base 13) in base 3?
2011
Convert -1 (base 9) to base 13.
-1
What is -4 (base 10) in base 15?
-4
1 (base 4) to base 12
1
Convert -2 (base 11) to base 14.
-2
What is 100 (base 2) in base 9?
4
1131 (base 5) to base 12
11a
179 (base 12) to base 5
1422
Convert -10 (base 2) to base 5.
-2
-2d (base 16) to base 13
-36
-6 (base 8) to base 5
-11
-13 (base 8) to base 11
-10
What is 1210 (base 3) in base 12?
40
42 (base 12) to base 13
3b
-2 (base 12) to base 10
-2
What is 11 (base 8) in base 3?
100
Convert -23 (base 14) to base 10.
-31
Convert -125 (base 6) to base 5.
-203
11 (base 2) to base 13
3
Convert -1 (base 11) to base 13.
-1
What is 12 (base 9) in base 16?
b
Convert 7 (base 10) to base 9.
7
-6 (base 16) to base 4
-12
Convert 11011 (base 2) to base 6.
43
Convert -4 (base 10) to base 2.
-100
Convert -1 (base 15) to base 12.
-1
2 (base 5) to base 3
2
Convert -3 (base 11) to base 10.
-3
What is -4b (base 14) in base 5?
-232
What is 16 (base 10) in base 15?
11
Convert 20 (base 5) to base 11.
a
Convert a (base 13) to base 5.
20
13 (base 16) to base 10
19
What is 43 (base 13) in base 9?
61
What is -34 (base 5) in base 6?
-31
Convert -11 (base 3) to base 7.
-4
What is 34 (base 7) in base 13?
1c
Convert 2 (base 12) to base 7.
2
Convert -8 (base 10) to base 14.
-8
Convert -2 (base 7) to base 10.
-2
Convert 113 (base 7) to base 3.
2012
Convert -3d (base 15) to base 11.
-53
-4 (base 10) to base 2
-100
Convert 5 (base 11) to base 9.
5
What is 0 (base 6) in base 3?
0
What is 7 (base 14) in base 15?
7
63 (base 8) to base 16
33
What is -466 (base 8) in base 14?
-182
-195 (base 10) to base 9
-236
Convert -ab (base 15) to base 3.
-12222
Convert -c2 (base 15) to base 16.
-b6
4 (base 9) to base 14
4
5 (base 11) to base 2
101
2 (base 10) to base 16
2
Convert 3 (base 15) to base 5.
3
Convert -67 (base 16) to base 7.
-205
What is 14 (base 9) in base 5?
23
What is 82 (base 11) in base 13?
6c
What is 2 (base 8) in base 4?
2
What is 1000 (base 2) in base 12?
8
Convert -9 (base 12) to base 4.
-21
Convert 102 (base 8) to base 5.
231
What is 212 (base 11) in base 2?
11111111
What is -5 (base 7) in base 14?
-5
What is 3 (base 16) in base 7?
3
Convert 6b (base 16) to base 12.
8b
What is 1 (base 12) in base 15?
1
Convert 31 (base 8) to base 10.
25
-20 (base 7) to base 8
-16
-b4 (base 16) to base 2
-10110100
What is -1131 (base 6) in base 7?
-535
-142 (base 5) to base 10
-47
-12 (base 3) to base 13
-5
Convert -6 (base 12) to base 11.
-6
What is -1 (base 3) in base 8?
-1
What is -1442 (base 5) in base 13?
-160
Convert -48 (base 15) to base 14.
-4c
Convert 6 (base 11) to base 4.
12
54 (base 9) to base 5
144
Convert -3 (base 6) to base 3.
-10
-23 (base 16) to base 9
-38
-344 (base 5) to base 16
-63
42 (base 7) to base 8
36
-100 (base 2) to base 16
-4
4 (base 11) to base 3
11
What is -a0 (base 16) in base 8?
-240
Convert -3 (base 13) to base 11.
-3
Convert 40 (base 11) to base 6.
112
Convert -30 (base 5) to base 3.
-120
Convert -2 (base 16) to base 7.
-2
What is -2 (base 3) in base 2?
-10
Convert -5 (base 16) to base 9.
-5
-105 (base 7) to base 15
-39
-122 (base 3) to base 10
-17
What is 2 (base 12) in base 4?
2
Convert 5a (base 11) to base 7.
122
What is -3 (base 8) in base 14?
-3
Convert 4 (base 5) to base 12.
4
-6b (base 12) to base 6
-215
12 (base 5) to base 2
111
Convert -6 (base 14) to base 5.
-11
What is -12 (base 7) in base 15?
-9
166 (base 7) to base 2
1100001
-44 (base 12) to base 7
-103
-164 (base 11) to base 14
-d9
Convert -13 (base 8) to base 13.
-b
Convert -156 (base 13) to base 9.
-286
11 (base 3) to base 12
4
-10 (base 3) to base 13
-3
What is 1331 (base 4) in base 11?
104
What is 303 (base 4) in base 5?
201
11 (base 10) to base 2
1011
Convert -b0 (base 14) to base 11.
-130
Convert -130 (base 5) to base 9.
-44
Convert -1 (base 7) to base 14.
-1
What is -12 (base 3) in base 11?
-5
What is -3 (base 11) in base 12?
-3
-118 (base 9) to base 7
-200
What is 153 (base 7) in base 12?
73
What is 0 (base 8) in base 16?
0
Convert 268 (base 9) to base 4.
3200
Convert 2f (base 16) to base 4.
233
Convert -11113 (base 4) to base 6.
-1331
What is -3 (base 11) in base 15?
-3
Convert 2 (base 7) to base 8.
2
What is 5 (base 15) in base 12?
5
What is -6 (base 16) in base 15?
-6
1 (base 2) to base 9
1
102 (base 5) to base 9
30
What is 101010 (base 2) in base 7?
60
-443 (base 5) to base 12
-a3
-1 (base 11) to base 8
-1
Convert -416 (base 7) to base 6.
-545
What is 49 (base 12) in base 8?
71
10 (base 8) to base 14
8
Convert 5 (base 9) to base 6.
5
4 (base 9) to base 11
4
1 (base 15) to base 9
1
Convert -20 (base 5) to base 2.
-1010
What is -10 (base 3) in base 15?
-3
Convert 1 (base 12) to base 2.
1
Convert -1 (base 7) to base 15.
-1
-75 (base 9) to base 7
-125
Convert 126 (base 13) to base 12.
149
Convert 202 (base 3) to base 4.
110
What is 52 (base 13) in base 16?
43
What is -3 (base 11) in base 10?
-3
What is 2 (base 9) in base 14?
2
Convert -3f (base 16) to base 12.
-53
Convert -3 (base 5) to base 10.
-3
What is -1 (base 4) in base 11?
-1
Convert -103 (base 8) to base 3.
-2111
4 (base 8) to base 2
100
0 (base 11) to base 7
0
-5 (base 7) to base 5
-10
What is 1a (base 16) in base 2?
11010
What is 1 (base 6) in base 2?
1
-2 (base 11) to base 4
-2
What is -120 (base 4) in base 2?
-11000
What is -13a (base 14) in base 9?
-305
301 (base 6) to base 11
9a
What is -2 (base 15) in base 14?
-2
18 (base 11) to base 15
14
-107 (base 13) to base 2
-10110000
c0 (base 14) to base 13
cc
What is -4 (base 15) in base 6?
-4
What is 8b (base 14) in base 16?
7b
0 (base 16) to base 5
0
Convert -b4 (base 12) to base 8.
-210
-1 (base 12) to base 9
-1
Convert 61 (base 13) to base 3.
2221
Convert 23 (base 4) to base 14.
b
What is 2 (base 8) in base 3?
2
51 (base 15) to base 2
1001100
What is -5 (base 16) in base 2?
-101
Convert -5 (base 15) to base 11.
-5
254 (base 11) to base 5
2201
11001001 (base 2) to base 3
21110
Convert 2 (base 16) to base 8.
2
Convert -8 (base 16) to base 4.
-20
Convert -3 (base 15) to base 4.
-3
Convert 31 (base 4) to base 5.
23
-1 (base 4) to base 14
-1
-2 (base 3) to base 10
-2
Convert -3 (base 10) to base 8.
-3
-1 (base 11) to base 4
-1
111 (base 6) to base 7
61
Convert -15 (base 14) to base 2.
-10011
Convert 114 (base 13) to base 12.
136
14 (base 14) to base 16
12
-23 (base 11) to base 6
-41
Convert 0 (base 7) to base 15.
0
Convert -111 (base 5) to base 9.
-34
Convert -4 (base 7) to base 15.
-4
-12 (base 15) to base 10
-17
What is 1 (base 7) in base 5?
1
Convert -7 (base 11) to base 10.
-7
-1 (base 13) to base 15
-1
What is -48 (base 10) in base 6?
-120
What is 4 (base 5) in base 9?
4
-40 (base 7) to base 15
-1d
-10002 (base 3) to base 16
-53
ee (base 15) to base 6
1012
What is 1022 (base 3) in base 9?
38
Convert -8 (base 13) to base 7.
-11
Convert -15 (base 14) to base 12.
-17
Convert 6 (base 15) to base 12.
6
Convert a (base 15) to base 3.
101
What is -3 (base 6) in base 16?
-3
What is 0 (base 7) in base 11?
0
a1 (base 16) to base 5
1121
What is -21 (base 10) in base 2?
-10101
What is -2 (base 14) in base 13?
-2
Convert 213 (base 7) to base 4.
1230
Convert -6 (base 9) to base 13.
-6
Convert -4 (base 11) to base 5.
-4
Convert 32 (base 6) to base 3.
202
What is 10 (base 3) in base 6?
3
Convert -5 (base 12) to base 5.
-10
What is 7 (base 14) in base 4?
13
-12 (base 7) to base 6
-13
What is 4 (base 5) in base 6?
4
100 (base 2) to base 10
4
5 (base 15) to base 11
5
14 (base 6) to base 15
a
What is 324 (base 5) in base 12?
75
What is 4 (base 16) in base 8?
4
Convert -11 (base 2) to base 10.
-3
What is -2 (base 8) in base 12?
-2
What is -12 (base 12) in base 10?
-14
What is 1 (base 10) in base 11?
1
1224 (base 6) to base 7
613
What is 0 (base 4) in base 9?
0
-4d (base 15) to base 3
-2201
Convert 1 (base 13) to base 11.
1
What is 76 (base 11) in base 7?
146
What is -3 (base 5) in base 14?
-3
-14 (base 12) to base 4
-100
Convert -117 (base 12) to base 15.
-ad
What is 134 (base 8) in base 15?
62
-12 (base 4) to base 6
-10
-10 (bas